et r be (-6)/33 + 20829/33. Suppose 2*n - 258 = n. Let t = r - n. Is t a prime number?
True
Suppose -8*f - 6 = -10*f. Suppose -f*u = 2*u. Is (-64 + -4)/(-2 - u) a composite number?
True
Let s = 5126 - -2957. Is s composite?
True
Let x = -2536 + 6525. Is x a prime number?
True
Suppose 0 = 2*s + 285 + 441. Let v be -5*(s/15 - -2). Suppose 3*k = 48 + v. Is k composite?
False
Let w be 2/(-5)*-5 - -3. Suppose -w*o + 3*v + 1910 = 0, 4*o - 3*v = -2*v + 1521. Is o prime?
True
Let z(i) = -i**3 + i**2 + 13*i + 50021. Is z(0) a composite number?
False
Suppose 2*m = -2*p + 5*m + 17, -3*p + m + 8 = 0. Let g be (64 + p)/(2/10). Suppose -4*v + g = v. Is v composite?
True
Suppose -269709 = 41*y - 74*y. Is y prime?
False
Let k(x) = -16*x + 5. Let l(s) = s**2 + 16*s - 8. Let a(q) = q**2 + 16*q - 8. Let n(r) = -4*a(r) + 5*l(r). Let m be n(-16). Is k(m) composite?
True
Let u(l) = 9*l**2 + 32*l + 41. Is u(-12) composite?
False
Let f(p) be the third derivative of p**5/15 + p**4/12 - 7*p**3/6 - p**2. Let l = 306 + -311. Is f(l) a prime number?
True
Suppose 13 = 3*f - 2*f. Suppose f*g = 16*g - 6. Suppose -475 = -4*k + 2*c - 171, -g*k + 158 = 2*c. Is k composite?
True
Suppose -8 = -5*z + 7. Suppose 2*y = -5*b - 65, -2*y - 98 + z = -5*b. Is (-1416)/y - 2/5 a prime number?
False
Suppose -4*h = 20 + 16. Let l = h + 14. Suppose -l*g + 909 + 86 = 0. Is g a composite number?
False
Let r(a) = 1399*a**2 - 11*a - 7. Let z(f) = -2798*f**2 + 24*f + 14. Let d(k) = 5*r(k) + 2*z(k). Is d(-1) composite?
False
Is (-3)/8 + ((-5159102)/16)/(-13) a prime number?
False
Suppose -3*n + 4*z = -z + 1, 3*n + z = -7. Is 1 + 4/n*-415 a prime number?
False
Suppose j = -0*j + 792. Let y = 1464 - j. Suppose 3*x = 2*x - 4*k + 183, 4*x + 4*k - y = 0. Is x prime?
True
Is 572054/50 + (-8)/100 a composite number?
True
Suppose 0 = 4*o - 5*o - 4*k - 11470, 3*k + 11469 = -o. Is o/(-22) + (-96)/44 + 2 composite?
False
Let f(j) = 17*j - 29*j + 18*j + 593. Is f(0) prime?
True
Let v(s) be the first derivative of -s**3/3 - 6*s**2 - 9*s - 11. Let g be v(-11). Suppose 5*b - 3381 = -g*t, b - 449 = 2*t + 232. Is b prime?
True
Suppose 160 = 20*q - 15*q. Let p = q - 22. Let r = 297 - p. Is r composite?
True
Suppose 182*n + 2*o + 15056 = 186*n, -2*n + 4*o + 7534 = 0. Is n a prime number?
False
Suppose -1460 - 10509 = -o. Is o a prime number?
True
Let o(b) be the first derivative of 17*b**3 + b**2/2 - b + 5. Is o(-2) a prime number?
False
Let d be (-12)/(-8)*2/(-3). Let s be 71 + d/(1/(-1)). Suppose -89 - s = -t. Is t composite?
True
Suppose 0 = 3*x - 2*x - 3. Suppose 0 = -2*n + 3*n. Suppose x*a - v + 2*v - 783 = n, v - 521 = -2*a. Is a a composite number?
True
Let y(o) = 13810*o + 19. Is y(1) composite?
False
Suppose m = -5 + 1, 0 = 5*t + 4*m - 4. Suppose 2 = -t*c + 18. Suppose 2395 = d + c*d. Is d prime?
True
Let l = 136 + -96. Let g = 20 - l. Is (-726)/(-8) + (-5)/g a composite number?
True
Suppose 13*g - 16*g + 27 = 0. Suppose -g = -b - 3*d, -4*b + 2*b + 3*d = 9. Suppose 23*q - 25*q + 182 = b. Is q a composite number?
True
Let h(y) = -y**3 - 6*y**2 - y - 1. Let k = 25 + -35. Is h(k) a prime number?
True
Is -70593*220/(-300) - (-6)/(-5) prime?
True
Let w(h) = h**3 + 9*h**2 + 2*h - 12. Let f be w(-11). Let t(s) = -s**2 + 6*s + 8. Let r be t(-9). Let o = r - f. Is o composite?
False
Suppose -a + 5*m + 9549 = 4*m, -3*a + 28635 = 3*m. Is a a prime number?
True
Is 5632/42 + 34/(-357) composite?
True
Let m be (-10)/(-3)*12/8. Suppose m*c + 10 = -5*w, -c = -8*w + 4*w + 7. Is (7 + 0)*(-39)/c a composite number?
True
Let i = 9 - -19. Suppose -3 + i = 5*p. Suppose p*s + v - 2572 = 2*v, -2*v = -4*s + 2054. Is s composite?
True
Suppose 3*o - 8 + 26 = 0. Let m(j) = -273*j + 17. Is m(o) a composite number?
True
Let x be -3*1/9 - (-8668)/(-6). Let s = -888 - x. Is s a composite number?
False
Suppose -26*o + 27*o - 2 = 0, 4*o = r - 2495. Is r prime?
True
Let a(r) = r**3 - 8*r**2 + 8*r + 6. Let n be a(7). Let g = 15 - n. Suppose 5*q - 3*l + g*l - 112 = 0, 2*l + 4 = 0. Is q composite?
True
Let p(w) = -7*w + 5*w + 19*w. Is p(5) composite?
True
Let w = 1 + 3. Let k(p) be the third derivative of p**5/10 + p**4/6 + p**3/2 + 24*p**2 + 2. Is k(w) a prime number?
False
Suppose 6*p - 3*s + 21 = p, 3*p + s + 21 = 0. Let k(a) = 8*a**2 + 8*a + 10. Let m be k(p). Let q = 837 - m. Is q a prime number?
True
Suppose -15*z = -20*z + 45. Is 320 + -2*(z/2 - 3) prime?
True
Is ((-4)/(32/(-275556)))/(3/2) composite?
False
Let g(r) = -15*r**2 - 12*r + 10. Let a be g(8). Let p = a - -2213. Is p a prime number?
False
Let a = 25 + -22. Suppose -449 = -a*b - 110. Is b a composite number?
False
Let l(o) be the first derivative of o**3/3 - o**2/2 + o + 6. Let z(y) = 229*y**2 + 8*y - 3. Let v(c) = 5*l(c) + z(c). Is v(-1) a prime number?
True
Let y(r) = -2096*r + 239. Is y(-35) a prime number?
False
Is ((-235354)/5)/(90/(-225)) a prime number?
False
Let b(i) = -116*i - 7. Is b(-6) composite?
True
Suppose -v + 10945 = -2586. Is v prime?
False
Let o(g) = 197*g + 13. Let n(r) = 395*r + 27. Let p(c) = -4*n(c) + 9*o(c). Is p(2) composite?
True
Let q = -50 + 27. Let o = 49 + q. Is o prime?
False
Let p(q) = 189*q - 8. Let h(y) = 190*y - 9. Let v(c) = 5*h(c) - 6*p(c). Suppose -3*f + 4*w = 22, 18 = -f + 2*w + 2*w. Is v(f) a prime number?
False
Let v(t) = -t**3 + t**2. Let m be v(-1). Let a be m/((-2)/(-24)*3). Is (0 + -1)*(a + -45) a prime number?
True
Suppose 3*o + 14 = -4. Is 6/(-36) + (-4471)/o a composite number?
True
Let d = -48988 + 87639. Is d composite?
False
Let f(p) = -358*p**3 + 3*p**2 - 3*p - 3. Is f(-2) composite?
False
Suppose 2*w = -10, 3*b - w - 3*w - 41 = 0. Suppose y + 29514 = b*y. Is y a composite number?
False
Let q(j) be the second derivative of j**3/2 + 19*j**2/2 + 10*j. Is q(6) prime?
True
Let w(n) = -n**3 + 18*n**2 - 19*n + 18. Let s be w(17). Let v be (-22)/(-8) - s/64. Suppose v*b + b = 1612. Is b composite?
True
Let v be (-20)/(-6) - 9/(27/(-2)). Suppose 0 = v*g, -l + 2*l - 3*g = 923. Is l a composite number?
True
Let l(y) = 2*y**2 - 2*y - 5. Let m(u) be the second derivative of u**4/12 - 6*u. Let q be m(-2). Is l(q) a composite number?
False
Let f(y) = -y - 1. Suppose -1 - 9 = -2*g. Let b be f(g). Let o(u) = 3*u**2 + 5*u - 4. Is o(b) a prime number?
False
Suppose 4*y = -q + 759, -4*q - 5*y + 2941 = -8*y. Let w = q - -465. Suppose 0*d = -4*d + w. Is d composite?
True
Suppose -90 = -4*c - 26. Let y = 18 - c. Suppose f + y*l - 21 = 0, 4*l - 10 = -f + 1. Is f a composite number?
False
Is -3 - (-17170950)/135 - 4/18 composite?
False
Suppose 396 = 4*b + 4*z - 232, b - 4*z - 167 = 0. Suppose i - b = -2*i. Is i a prime number?
True
Let m(f) = -1170*f - 3. Let r = -38 + 37. Is m(r) prime?
False
Suppose 0 = r - 5*w - 88710, 177490 = 2*r + 19*w - 15*w. Is r prime?
False
Let k be ((-822)/10)/(3/(-15)). Suppose -5*g + 254 + k = 0. Is g prime?
False
Is 7*16/616 - 41026/(-22) prime?
False
Let p(f) = -f**3 + f**2 - f + 2129. Is p(0) prime?
True
Suppose 3*u - i = -199 - 63, -4*u = -2*i + 346. Let a = u - -144. Suppose 219 = d - a. Is d a composite number?
True
Let o be (-1)/4 + 187/44. Suppose o*z = z + 636. Is z/6*(17 - 14) a composite number?
True
Suppose 0*z = z - 3. Suppose z*m - 905 = d - 6*d, -5*m = 0. Suppose 27 = -2*p + d. Is p a composite number?
True
Let i(x) = -156*x - 61. Let j(v) = 78*v + 30. Let k(y) = -3*i(y) - 5*j(y). Is k(18) composite?
True
Suppose 12393 = 3*w + 3*c - 267, -2*c + 16880 = 4*w. Suppose w = 4*u + 280. Is u composite?
True
Let t = -31 - -33. Suppose b - 749 = t*b. Let i = -414 - b. Is i a composite number?
True
Let t be 60/18*6/5. Let g be (t/(-2) - 3)*-1. Suppose 4*q - g*q = 2*m - 155, 5*q = -4*m + 313. Is m prime?
False
Is -3*45566/(-12) - 2/4 prime?
False
Suppose 16415 = 5*l - 8315. Is l a composite number?
True
Suppose -3*m + 2 = -13. Suppose -m*y - 4 + 5249 = 0. Is y prime?
True
Suppose 13*p - 26*p = 1040. Let h = -1 - 2. Is 1 + h - -1 - p a composite number?
False
Let s(g) = -502*g + 1. Suppose 4*x + 39 = 35. Is s(x) prime?
True
Let h(q) be the first derivative of 3*q**4/4 + q**2 + q + 8. Let z be h(-1). Is 1/(z + 557/139) composite?
False
Is (-27680)/(-14) - 51/357 prime?
False
Let f = 1271 - -128. Is f a composite number?
False
Let l(q) be the third derivative of q**5/60 - 7*q**4/24 - 17*q**3/6 - 10*q**2. Is l(-9) pr